{"id":3442,"date":"2020-11-15T15:25:19","date_gmt":"2020-11-15T13:25:19","guid":{"rendered":"http:\/\/www.inovagrupa.hr\/taxi\/?page_id=3442"},"modified":"2020-11-16T11:27:56","modified_gmt":"2020-11-16T09:27:56","slug":"prigovor","status":"publish","type":"page","link":"https:\/\/www.inovagrupa.hr\/taxi\/?page_id=3442","title":{"rendered":"Pisani prigovor"},"content":{"rendered":"\n<h2 class=\"has-text-align-center\">OBAVIJEST O NA\u010cINU PODNO\u0160ENJA PISANIH PRIGOVORA<\/h2>\n\n\n\n<p>Na temelju \u010dlanka 10. <em>Zakona o za\u0161titi potro\u0161a\u010da<\/em> (NN 41\/14, 110\/15, 14\/19) potro\u0161a\u010du se omogu\u0107uje podno\u0161enje pisanog prigovora u sjedi\u0161tu tvrtke iNOVA Grupa na adresi VARA\u017dDIN, Jalkove\u010dka 10b te:<\/p>\n\n\n\n<p>&#8211; <strong>u taxi vozilu iNOVA Taxi iste tvrtke<\/strong><\/p>\n\n\n\n<p>ili<\/p>\n\n\n\n<p>&#8211; po\u0161tom na adresu:<\/p>\n\n\n\n<p><strong>iNOVA Grupa, vl. Marin Do\u0161en<\/strong><br><strong> HR &#8211; 42000 VARA\u017dDIN<\/strong><br> <strong>Jalkove\u010dka 10b; P.P. 82<\/strong><\/p>\n\n\n\n<p>ili<\/p>\n\n\n\n<p>&#8211; elektronski na mail adresu:<\/p>\n\n\n\n<p><a href=\"mailto:prigovor@inovagrupa.hr\"><strong>prigovor@inovagrupa.hr<\/strong><\/a><\/p>\n\n\n\n<p>iNOVA Grupa obvezuje se u pisanom obliku potvrditi primitak prigovora te odgovoriti na prigovor u roku od 15 dana od dana zaprimljenog prigovora.<\/p>\n\n\n\n<p>U Vara\u017edinu, 16.11.2020. godine<\/p>\n\n\n\n<h2><\/h2>\n","protected":false},"excerpt":{"rendered":"<p>OBAVIJEST O NA\u010cINU PODNO\u0160ENJA PISANIH PRIGOVORA Na temelju \u010dlanka 10. Zakona o za\u0161titi potro\u0161a\u010da (NN 41\/14, 110\/15, 14\/19) potro\u0161a\u010du se omogu\u0107uje podno\u0161enje pisanog prigovora u sjedi\u0161tu tvrtke iNOVA Grupa na adresi VARA\u017dDIN, Jalkove\u010dka 10b te: &#8211; u taxi vozilu iNOVA Taxi iste tvrtke ili &#8211; po\u0161tom na adresu: iNOVA Grupa, vl. Marin Do\u0161en HR &#8211; &hellip; <\/p>\n<p class=\"link-more\"><a href=\"https:\/\/www.inovagrupa.hr\/taxi\/?page_id=3442\" class=\"more-link\">Nastavi \u010ditati<span class=\"screen-reader-text\"> &#8220;Pisani prigovor&#8221;<\/span><\/a><\/p>\n","protected":false},"author":1,"featured_media":0,"parent":0,"menu_order":0,"comment_status":"closed","ping_status":"closed","template":"","meta":[],"_links":{"self":[{"href":"https:\/\/www.inovagrupa.hr\/taxi\/index.php?rest_route=\/wp\/v2\/pages\/3442"}],"collection":[{"href":"https:\/\/www.inovagrupa.hr\/taxi\/index.php?rest_route=\/wp\/v2\/pages"}],"about":[{"href":"https:\/\/www.inovagrupa.hr\/taxi\/index.php?rest_route=\/wp\/v2\/types\/page"}],"author":[{"embeddable":true,"href":"https:\/\/www.inovagrupa.hr\/taxi\/index.php?rest_route=\/wp\/v2\/users\/1"}],"replies":[{"embeddable":true,"href":"https:\/\/www.inovagrupa.hr\/taxi\/index.php?rest_route=%2Fwp%2Fv2%2Fcomments&post=3442"}],"version-history":[{"count":10,"href":"https:\/\/www.inovagrupa.hr\/taxi\/index.php?rest_route=\/wp\/v2\/pages\/3442\/revisions"}],"predecessor-version":[{"id":3469,"href":"https:\/\/www.inovagrupa.hr\/taxi\/index.php?rest_route=\/wp\/v2\/pages\/3442\/revisions\/3469"}],"wp:attachment":[{"href":"https:\/\/www.inovagrupa.hr\/taxi\/index.php?rest_route=%2Fwp%2Fv2%2Fmedia&parent=3442"}],"curies":[{"name":"wp","href":"https:\/\/api.w.org\/{rel}","templated":true}]}}