{"id":227,"date":"2015-01-28T18:53:29","date_gmt":"2015-01-28T16:53:29","guid":{"rendered":"http:\/\/www.taxi-inova.hr\/?page_id=227"},"modified":"2021-10-11T19:39:04","modified_gmt":"2021-10-11T17:39:04","slug":"dodatne-usluge","status":"publish","type":"page","link":"https:\/\/www.inovagrupa.hr\/taxi\/?page_id=227","title":{"rendered":"Dodatne usluge"},"content":{"rendered":"<p>Svim korisnicima na\u0161ih usluga na raspolaganju je i nekoliko dodatnih usluga kao posebnih pogodnosti koje se mogu (is)koristiti tokom vo\u017enje. Dodatne usluge se ne napla\u0107uju.<\/p>\n<table style=\"border: 1px solid white;\">\n<tbody>\n<tr style=\"border: 1px solid white;\">\n<td style=\"text-align: center;\" colspan=\"2\" width=\"95%\">\n<h4 style=\"text-align: left;\"><strong><em>Telefon<\/em><\/strong><\/h4>\n<\/td>\n<\/tr>\n<tr style=\"border: 1px solid white;\">\n<td style=\"padding-left: 10px;\" width=\"20%\"><img loading=\"lazy\" class=\"aligncenter wp-image-847 size-full\" src=\"http:\/\/www.inovagrupa.hr\/taxi\/wp-content\/uploads\/2015\/05\/icon_free_call_2.png\" alt=\"\" width=\"51\" height=\"60\"><\/td>\n<td style=\"text-align: left; border: 1px solid white;\" width=\"80%\">Telefonirajte besplatno i bez ograni\u010denja tokom vo\u017enje prema bilo kojem pretplatni\u010dkom broju u fiksnoj ili mobilnoj mre\u017ei u Hrvatskoj. Svi pozivi ostvaruju se VoIP (VoLTE) P2P tehnologijom.<\/td>\n<\/tr>\n<tr style=\"border: 1px solid white;\">\n<td style=\"text-align: center;\" colspan=\"2\" width=\"95%\">\n<h4 style=\"text-align: left;\"><strong><em>Internet<\/em><\/strong><\/h4>\n<\/td>\n<\/tr>\n<tr style=\"border: 1px solid white;\">\n<td style=\"padding-left: 10px;\" width=\"20%\"><img loading=\"lazy\" class=\"aligncenter wp-image-317 size-full\" src=\"http:\/\/www.inovagrupa.hr\/taxi\/wp-content\/uploads\/2014\/12\/icon_free_wi-fi.png\" alt=\"\" width=\"76\" height=\"56\"><\/td>\n<td style=\"text-align: left; border: 1px solid white;\" width=\"80%\">Internetu tokom vo\u017enje mo\u017eete besplatno pristupiti putem Wi-Fi Hotspot mobilne pristupne to\u010dke u vozilu (s brzinama od minimalno 7,5 Mbit\/s za download i 2,5 Mbit\/s za upload). Na internet se mo\u017eete spojiti s va\u0161im ili telefonom i\/ili tablet ra\u010dunalom raspolo\u017eivim u vozilu.<\/td>\n<\/tr>\n<tr style=\"border: 1px solid white;\">\n<td style=\"text-align: center;\" colspan=\"2\" width=\"95%\">\n<h4 style=\"text-align: left;\"><strong><em>Smartphone i\/ili tablet ra\u010dunalo<\/em><\/strong><\/h4>\n<\/td>\n<\/tr>\n<tr style=\"border: 1px solid white;\">\n<td style=\"padding-left: 10px;\" width=\"20%\"><img loading=\"lazy\" class=\" wp-image-850 size-full aligncenter\" src=\"http:\/\/www.inovagrupa.hr\/taxi\/wp-content\/uploads\/2015\/05\/icon_free_smartphone_tablet_2.png\" alt=\"\" width=\"76\" height=\"89\"><\/td>\n<td style=\"text-align: left; border: 1px solid white;\" width=\"80%\">Tokom vo\u017enje mo\u017eete besplatno koristiti smartphone i\/ili tablet ra\u010dunalo raspolo\u017eivo u vozilu.<\/td>\n<\/tr>\n<tr style=\"border: 1px solid white;\">\n<td style=\"text-align: center;\" colspan=\"2\" width=\"95%\">\n<h4 style=\"text-align: left;\"><strong><em>TV program<\/em><\/strong><\/h4>\n<\/td>\n<\/tr>\n<tr style=\"border: 1px solid white;\">\n<td style=\"padding-left: 10px;\" width=\"20%\"><img loading=\"lazy\" class=\"aligncenter wp-image-846 size-full\" src=\"http:\/\/www.inovagrupa.hr\/taxi\/wp-content\/uploads\/2015\/05\/icon_free_tv.png\" alt=\"\" width=\"76\" height=\"65\"><\/td>\n<td style=\"text-align: left; border: 1px solid white;\" width=\"80%\">TV program tokom du\u017eih vo\u017enji mo\u017eete gledati besplatno na telefonu ili tablet ra\u010dunalu raspolo\u017eivom u vozilu. HRT, RTL, RTL Kockica i dr. samo su neki od programa koje mo\u017eete pratiti.<\/td>\n<\/tr>\n<tr style=\"border: 1px solid white;\">\n<td style=\"text-align: left;\" colspan=\"2\" width=\"95%\">\n<h4><strong><em>DVD ure\u0111aj<\/em><\/strong><\/h4>\n<\/td>\n<\/tr>\n<tr style=\"border: 1px solid white;\">\n<td style=\"padding-left: 10px;\" width=\"20%\"><img loading=\"lazy\" class=\"aligncenter wp-image-315 size-full\" src=\"http:\/\/www.inovagrupa.hr\/taxi\/wp-content\/uploads\/2014\/12\/icon_free_dvd.png\" alt=\"\" width=\"76\" height=\"72\"><\/td>\n<td style=\"text-align: left; border: 1px solid white;\" width=\"80%\">Za one (naj)mla\u0111e tokom du\u017eih vo\u017enji na raspolaganju mo\u017ee biti i prijenosni DVD ure\u0111aj.<\/td>\n<\/tr>\n<\/tbody>\n<\/table>\n","protected":false},"excerpt":{"rendered":"<p>Svim korisnicima na\u0161ih usluga na raspolaganju je i nekoliko dodatnih usluga kao posebnih pogodnosti koje se mogu (is)koristiti tokom vo\u017enje. Dodatne usluge se ne napla\u0107uju. Telefon Telefonirajte besplatno i bez ograni\u010denja tokom vo\u017enje prema bilo kojem pretplatni\u010dkom broju u fiksnoj ili mobilnoj mre\u017ei u Hrvatskoj. Svi pozivi ostvaruju se VoIP (VoLTE) P2P tehnologijom. Internet Internetu &hellip; <\/p>\n<p class=\"link-more\"><a href=\"https:\/\/www.inovagrupa.hr\/taxi\/?page_id=227\" class=\"more-link\">Nastavi \u010ditati<span class=\"screen-reader-text\"> &#8220;Dodatne usluge&#8221;<\/span><\/a><\/p>\n","protected":false},"author":1,"featured_media":0,"parent":0,"menu_order":210,"comment_status":"closed","ping_status":"closed","template":"","meta":[],"_links":{"self":[{"href":"https:\/\/www.inovagrupa.hr\/taxi\/index.php?rest_route=\/wp\/v2\/pages\/227"}],"collection":[{"href":"https:\/\/www.inovagrupa.hr\/taxi\/index.php?rest_route=\/wp\/v2\/pages"}],"about":[{"href":"https:\/\/www.inovagrupa.hr\/taxi\/index.php?rest_route=\/wp\/v2\/types\/page"}],"author":[{"embeddable":true,"href":"https:\/\/www.inovagrupa.hr\/taxi\/index.php?rest_route=\/wp\/v2\/users\/1"}],"replies":[{"embeddable":true,"href":"https:\/\/www.inovagrupa.hr\/taxi\/index.php?rest_route=%2Fwp%2Fv2%2Fcomments&post=227"}],"version-history":[{"count":130,"href":"https:\/\/www.inovagrupa.hr\/taxi\/index.php?rest_route=\/wp\/v2\/pages\/227\/revisions"}],"predecessor-version":[{"id":3526,"href":"https:\/\/www.inovagrupa.hr\/taxi\/index.php?rest_route=\/wp\/v2\/pages\/227\/revisions\/3526"}],"wp:attachment":[{"href":"https:\/\/www.inovagrupa.hr\/taxi\/index.php?rest_route=%2Fwp%2Fv2%2Fmedia&parent=227"}],"curies":[{"name":"wp","href":"https:\/\/api.w.org\/{rel}","templated":true}]}}